{"id":2,"date":"2015-07-23T07:43:41","date_gmt":"2015-07-23T05:43:41","guid":{"rendered":"http:\/\/www.a-scholz-foto.de\/?page_id=2"},"modified":"2020-11-22T10:15:23","modified_gmt":"2020-11-22T09:15:23","slug":"beispiel-seite","status":"publish","type":"page","link":"https:\/\/www.a-scholz-foto.de\/?page_id=2","title":{"rendered":"\u00dcber Mich !?"},"content":{"rendered":"<p><b>\u00dcber mich will ich gar nicht viel erz\u00e4hlen, will ja keinen langweilen.<\/b><\/p>\n<p style=\"text-align: center;\">Schon recht fr\u00fch habe ich mich mit der Fotografie besch\u00e4ftigt, jedoch nur oberfl\u00e4chlich, eigentlich war es mehr eine &#8222;Knipserei&#8220;.<\/p>\n<p style=\"text-align: center;\"><a href=\"https:\/\/www.a-scholz-foto.de\/wp-content\/uploads\/2015\/07\/DSC1212-web.jpg\"><img loading=\"lazy\" decoding=\"async\" class=\"alignnone size-medium wp-image-13\" src=\"https:\/\/www.a-scholz-foto.de\/wp-content\/uploads\/2015\/07\/DSC1212-web-300x203.jpg\" alt=\"_DSC1212-web\" width=\"300\" height=\"203\" srcset=\"https:\/\/www.a-scholz-foto.de\/wp-content\/uploads\/2015\/07\/DSC1212-web-300x203.jpg 300w, https:\/\/www.a-scholz-foto.de\/wp-content\/uploads\/2015\/07\/DSC1212-web.jpg 800w\" sizes=\"auto, (max-width: 300px) 100vw, 300px\" \/><\/a><\/p>\n<p style=\"text-align: center;\">Im Jahr 2006 kam ich der Fotografie dann n\u00e4her. Ich besuchte mehrere Lehrg\u00e4nge an der VHS Dresden, nahm an verschiedenen Workshops teil und trat einem Fotoclub bei. In dieser Zeit wurde die Fotografie f\u00fcr mich zum Hobby, dem ich nun gerne, leider aber nicht ganz regelm\u00e4\u00dfig (eine Zeitfrage) nachgehe. Ich habe mich zwar auf kein Gebiet spezialisiert (zumindest noch nicht), doch haupts\u00e4chlich ist es der Mensch, dem ich meine fotografische Aufmerksamkeit widme. Zwischenzeitlich habe ich mehrere Hochzeiten fotografiert und 2006 u.a. an einer Ausstellung zum Thema &#8222;800 Jahre Dresden&#8220; mit einer Fotoserie unter dem Titel &#8222;Menschen am Fluss&#8220; teilgenommen.<\/p>\n<p style=\"text-align: center;\">Schaut euch auf meiner Seite einfach mal um.<\/p>\n<p>Und solltet ihr Lust auf eigene Bilderhaben, dann sprecht mich ruhig an (<a href=\"https:\/\/www.a-scholz-foto.de\/?page_id=22\">Kontaktformular<\/a>), ich bin immer an neuen Aufgaben und neuen Modellen interessiert.<\/p>\n","protected":false},"excerpt":{"rendered":"<p>\u00dcber mich will ich gar nicht viel erz\u00e4hlen, will ja keinen langweilen. Schon recht fr\u00fch habe ich mich mit der Fotografie besch\u00e4ftigt, jedoch nur oberfl\u00e4chlich, eigentlich war es mehr eine &#8222;Knipserei&#8220;. Im Jahr 2006 kam ich der Fotografie dann n\u00e4her. Ich besuchte mehrere Lehrg\u00e4nge an der VHS Dresden, nahm an verschiedenen Workshops teil und trat [&hellip;]<\/p>\n","protected":false},"author":1,"featured_media":0,"parent":0,"menu_order":0,"comment_status":"closed","ping_status":"open","template":"","meta":{"footnotes":""},"class_list":["post-2","page","type-page","status-publish","hentry"],"_links":{"self":[{"href":"https:\/\/www.a-scholz-foto.de\/index.php?rest_route=\/wp\/v2\/pages\/2","targetHints":{"allow":["GET"]}}],"collection":[{"href":"https:\/\/www.a-scholz-foto.de\/index.php?rest_route=\/wp\/v2\/pages"}],"about":[{"href":"https:\/\/www.a-scholz-foto.de\/index.php?rest_route=\/wp\/v2\/types\/page"}],"author":[{"embeddable":true,"href":"https:\/\/www.a-scholz-foto.de\/index.php?rest_route=\/wp\/v2\/users\/1"}],"replies":[{"embeddable":true,"href":"https:\/\/www.a-scholz-foto.de\/index.php?rest_route=%2Fwp%2Fv2%2Fcomments&post=2"}],"version-history":[{"count":5,"href":"https:\/\/www.a-scholz-foto.de\/index.php?rest_route=\/wp\/v2\/pages\/2\/revisions"}],"predecessor-version":[{"id":5628,"href":"https:\/\/www.a-scholz-foto.de\/index.php?rest_route=\/wp\/v2\/pages\/2\/revisions\/5628"}],"wp:attachment":[{"href":"https:\/\/www.a-scholz-foto.de\/index.php?rest_route=%2Fwp%2Fv2%2Fmedia&parent=2"}],"curies":[{"name":"wp","href":"https:\/\/api.w.org\/{rel}","templated":true}]}}

Über Mich !?

<p><b>Über mich will ich gar nicht viel erzählen, will ja keinen langweilen.</b></p>
<p style="text-align: center;">Schon recht früh habe ich mich mit der Fotografie beschäftigt, jedoch nur oberflächlich, eigentlich war es mehr eine &#8222;Knipserei&#8220;.</p>
<p style="text-align: center;"><a href="https://www.a-scholz-foto.de/wp-content/uploads/2015/07/DSC1212-web.jpg"><img loading="lazy" decoding="async" class="alignnone size-medium wp-image-13" src="https://www.a-scholz-foto.de/wp-content/uploads/2015/07/DSC1212-web-300x203.jpg" alt="_DSC1212-web" width="300" height="203" srcset="https://www.a-scholz-foto.de/wp-content/uploads/2015/07/DSC1212-web-300x203.jpg 300w, https://www.a-scholz-foto.de/wp-content/uploads/2015/07/DSC1212-web.jpg 800w" sizes="auto, (max-width: 300px) 100vw, 300px" /></a></p>
<p style="text-align: center;">Im Jahr 2006 kam ich der Fotografie dann näher. Ich besuchte mehrere Lehrgänge an der VHS Dresden, nahm an verschiedenen Workshops teil und trat einem Fotoclub bei. In dieser Zeit wurde die Fotografie für mich zum Hobby, dem ich nun gerne, leider aber nicht ganz regelmäßig (eine Zeitfrage) nachgehe. Ich habe mich zwar auf kein Gebiet spezialisiert (zumindest noch nicht), doch hauptsächlich ist es der Mensch, dem ich meine fotografische Aufmerksamkeit widme. Zwischenzeitlich habe ich mehrere Hochzeiten fotografiert und 2006 u.a. an einer Ausstellung zum Thema &#8222;800 Jahre Dresden&#8220; mit einer Fotoserie unter dem Titel &#8222;Menschen am Fluss&#8220; teilgenommen.</p>
<p style="text-align: center;">Schaut euch auf meiner Seite einfach mal um.</p>
<p>Und solltet ihr Lust auf eigene Bilderhaben, dann sprecht mich ruhig an (<a href="https://www.a-scholz-foto.de/?page_id=22">Kontaktformular</a>), ich bin immer an neuen Aufgaben und neuen Modellen interessiert.</p>

<p>Über mich will ich gar nicht viel erzählen, will ja keinen langweilen. Schon recht früh habe ich mich mit der Fotografie beschäftigt, jedoch nur oberflächlich, eigentlich war es mehr eine &#8222;Knipserei&#8220;. Im Jahr 2006 kam ich der Fotografie dann näher. Ich besuchte mehrere Lehrgänge an der VHS Dresden, nahm an verschiedenen Workshops teil und trat [&hellip;]</p>
