{"id":5050,"date":"2019-04-07T19:46:27","date_gmt":"2019-04-07T17:46:27","guid":{"rendered":"http:\/\/www.a-scholz-foto.de\/?page_id=5050"},"modified":"2022-01-19T17:21:42","modified_gmt":"2022-01-19T16:21:42","slug":"konzeptfotografie","status":"publish","type":"page","link":"https:\/\/www.a-scholz-foto.de\/?page_id=5050","title":{"rendered":"Konzeptfotografie"},"content":{"rendered":"<p>Die Konzeptfotografie ist etwas aufwendiger und braucht in der Vorbereitung etwas mehr Zeit von der Idee \u00fcber die Beschaffung von Accessoires bis zum fertigen Bild. Aber es reizt mich, die Stimmung zu schaffen und abzubilden. Ungew\u00f6hnliche Orte, ungew\u00f6hnliches Licht, eine ungew\u00f6hnliche Geschichte.<br \/>\nSiehe auch die Serie &#8222;Happy Helloween&#8220;, die auch zur Konzeptfotografie geh\u00f6rt, bei mir hier allerdings eine eigene Seite bekommen hat.<\/p>\n<div class='polaroid-gallery galleryid-5050' style='width:510px;'>\n\t\t\t<a href=\"https:\/\/www.a-scholz-foto.de\/wp-content\/uploads\/ASC8810-1web-681x1024.jpg\" title=\"Das fliegende Kleid\" rel=\"polaroid_1076317791\" class=\"polaroid-gallery-item showcaption\"><span class=\"polaroid-gallery-image\" title=\"\" style=\"background-image: url(https:\/\/www.a-scholz-foto.de\/wp-content\/uploads\/ASC8810-1web-150x150.jpg); width: 150px; height: 150px;\"><\/span><\/a>\n\t\t\t<a href=\"https:\/\/www.a-scholz-foto.de\/wp-content\/uploads\/ASC8873-1a-web-681x1024.jpg\" title=\"Das fliegende Kleid\" rel=\"polaroid_1076317791\" class=\"polaroid-gallery-item showcaption\"><span class=\"polaroid-gallery-image\" title=\"\" style=\"background-image: url(https:\/\/www.a-scholz-foto.de\/wp-content\/uploads\/ASC8873-1a-web-150x150.jpg); width: 150px; height: 150px;\"><\/span><\/a>\n\t\t\t<a href=\"https:\/\/www.a-scholz-foto.de\/wp-content\/uploads\/ASC8852web-681x1024.jpg\" title=\"Das fliegende Kleid\" rel=\"polaroid_1076317791\" class=\"polaroid-gallery-item showcaption\"><span class=\"polaroid-gallery-image\" title=\"\" style=\"background-image: url(https:\/\/www.a-scholz-foto.de\/wp-content\/uploads\/ASC8852web-150x150.jpg); width: 150px; height: 150px;\"><\/span><\/a>\n\t\t\t<br style=\"clear: both;\" \/>\n\t\t\t<a href=\"https:\/\/www.a-scholz-foto.de\/wp-content\/uploads\/2019\/04\/AS88079-1.jpg\" title=\"\" rel=\"polaroid_1076317791\" class=\"polaroid-gallery-item showcaption\"><span class=\"polaroid-gallery-image\" title=\"\" style=\"background-image: url(https:\/\/www.a-scholz-foto.de\/wp-content\/uploads\/2019\/04\/AS88079-1-150x150.jpg); width: 150px; height: 150px;\"><\/span><\/a>\n\t\t\t<a href=\"https:\/\/www.a-scholz-foto.de\/wp-content\/uploads\/2019\/04\/AS88091-1.jpg\" title=\"\" rel=\"polaroid_1076317791\" class=\"polaroid-gallery-item showcaption\"><span class=\"polaroid-gallery-image\" title=\"\" style=\"background-image: url(https:\/\/www.a-scholz-foto.de\/wp-content\/uploads\/2019\/04\/AS88091-1-150x150.jpg); width: 150px; height: 150px;\"><\/span><\/a>\n\t\t\t<a href=\"https:\/\/www.a-scholz-foto.de\/wp-content\/uploads\/2019\/04\/AS88096-1.jpg\" title=\"\" rel=\"polaroid_1076317791\" class=\"polaroid-gallery-item showcaption\"><span class=\"polaroid-gallery-image\" title=\"\" style=\"background-image: url(https:\/\/www.a-scholz-foto.de\/wp-content\/uploads\/2019\/04\/AS88096-1-150x150.jpg); width: 150px; height: 150px;\"><\/span><\/a>\n\t\t\t<br style=\"clear: both;\" \/>\n\t\t\t<a href=\"https:\/\/www.a-scholz-foto.de\/wp-content\/uploads\/2019\/04\/AS88345-1.jpg\" title=\"\" rel=\"polaroid_1076317791\" class=\"polaroid-gallery-item showcaption\"><span class=\"polaroid-gallery-image\" title=\"\" style=\"background-image: url(https:\/\/www.a-scholz-foto.de\/wp-content\/uploads\/2019\/04\/AS88345-1-150x150.jpg); width: 150px; height: 150px;\"><\/span><\/a>\n\t\t\t<a href=\"https:\/\/www.a-scholz-foto.de\/wp-content\/uploads\/2018\/10\/AS85216-2.jpg\" title=\"\" rel=\"polaroid_1076317791\" class=\"polaroid-gallery-item showcaption\"><span class=\"polaroid-gallery-image\" title=\"\" style=\"background-image: url(https:\/\/www.a-scholz-foto.de\/wp-content\/uploads\/2018\/10\/AS85216-2-150x150.jpg); width: 150px; height: 150px;\"><\/span><\/a>\n\t\t\t<a href=\"https:\/\/www.a-scholz-foto.de\/wp-content\/uploads\/2018\/10\/AS85176-1.jpg\" title=\"\" rel=\"polaroid_1076317791\" class=\"polaroid-gallery-item showcaption\"><span class=\"polaroid-gallery-image\" title=\"\" style=\"background-image: url(https:\/\/www.a-scholz-foto.de\/wp-content\/uploads\/2018\/10\/AS85176-1-150x150.jpg); width: 150px; height: 150px;\"><\/span><\/a>\n\t\t\t<br style=\"clear: both;\" \/>\n\t\t\t<a href=\"https:\/\/www.a-scholz-foto.de\/wp-content\/uploads\/2018\/10\/AS85042.jpg\" title=\"\" rel=\"polaroid_1076317791\" class=\"polaroid-gallery-item showcaption\"><span class=\"polaroid-gallery-image\" title=\"\" style=\"background-image: url(https:\/\/www.a-scholz-foto.de\/wp-content\/uploads\/2018\/10\/AS85042-150x150.jpg); width: 150px; height: 150px;\"><\/span><\/a>\n\t\t\t<br style=\"clear: both;\" \/><\/div>\n\n<p><a href=\"https:\/\/www.a-scholz-foto.de\/\">Home<\/a><\/p>\n","protected":false},"excerpt":{"rendered":"<p>Die Konzeptfotografie ist etwas aufwendiger und braucht in der Vorbereitung etwas mehr Zeit von der Idee \u00fcber die Beschaffung von Accessoires bis zum fertigen Bild. Aber es reizt mich, die Stimmung zu schaffen und abzubilden. Ungew\u00f6hnliche Orte, ungew\u00f6hnliches Licht, eine ungew\u00f6hnliche Geschichte. Siehe auch die Serie &#8222;Happy Helloween&#8220;, die auch zur Konzeptfotografie geh\u00f6rt, bei mir [&hellip;]<\/p>\n","protected":false},"author":1,"featured_media":0,"parent":4667,"menu_order":0,"comment_status":"closed","ping_status":"closed","template":"","meta":{"footnotes":""},"class_list":["post-5050","page","type-page","status-publish","hentry"],"_links":{"self":[{"href":"https:\/\/www.a-scholz-foto.de\/index.php?rest_route=\/wp\/v2\/pages\/5050","targetHints":{"allow":["GET"]}}],"collection":[{"href":"https:\/\/www.a-scholz-foto.de\/index.php?rest_route=\/wp\/v2\/pages"}],"about":[{"href":"https:\/\/www.a-scholz-foto.de\/index.php?rest_route=\/wp\/v2\/types\/page"}],"author":[{"embeddable":true,"href":"https:\/\/www.a-scholz-foto.de\/index.php?rest_route=\/wp\/v2\/users\/1"}],"replies":[{"embeddable":true,"href":"https:\/\/www.a-scholz-foto.de\/index.php?rest_route=%2Fwp%2Fv2%2Fcomments&post=5050"}],"version-history":[{"count":6,"href":"https:\/\/www.a-scholz-foto.de\/index.php?rest_route=\/wp\/v2\/pages\/5050\/revisions"}],"predecessor-version":[{"id":5896,"href":"https:\/\/www.a-scholz-foto.de\/index.php?rest_route=\/wp\/v2\/pages\/5050\/revisions\/5896"}],"up":[{"embeddable":true,"href":"https:\/\/www.a-scholz-foto.de\/index.php?rest_route=\/wp\/v2\/pages\/4667"}],"wp:attachment":[{"href":"https:\/\/www.a-scholz-foto.de\/index.php?rest_route=%2Fwp%2Fv2%2Fmedia&parent=5050"}],"curies":[{"name":"wp","href":"https:\/\/api.w.org\/{rel}","templated":true}]}}